146a087
What is 7466205 (base 8) in base 12?
801a31
What is -11294f (base 16) in base 3?
-2010010210002
Convert b5686b (base 14) to base 15.
8102d1
What is 101101101000010010 (base 2) in base 14?
4c17c
What is -dceb5 (base 15) in base 4?
-2223113321
-1012312132333 (base 4) to base 15
-196d2b7
-68314a (base 13) to base 15
-339be8
35555330 (base 6) to base 8
4212646
60a985 (base 11) to base 13
284570
What is 1881154 (base 9) in base 12?
42b964
98925 (base 12) to base 3
101020210002
-26972 (base 13) to base 2
-10001100011101110
What is 1c3b1 (base 14) in base 2?
10001100110010111
What is -477a5 (base 12) in base 3?
-11212220222
1220330232 (base 5) to base 10
2901942
What is 22110131110 (base 4) in base 16?
294754
-2d303 (base 14) to base 8
-334707
Convert 441a975 (base 11) to base 10.
7759570
What is -72b002 (base 12) in base 6?
-102344002
What is 9231302 (base 11) in base 10?
16311770
-38598b (base 14) to base 15
-283b3c
200424434 (base 5) to base 6
25015231
6670103 (base 8) to base 12
72876b
-10010000000010001000111 (base 2) to base 14
-8ac007
2211102020101 (base 3) to base 13
4087cc
13311312333 (base 4) to base 16
1f5dbf
312645 (base 7) to base 10
53835
10100011022121 (base 3) to base 16
1b141a
-25198 (base 12) to base 14
-14500
Convert 130221122 (base 4) to base 2.
11100101001011010
Convert -111110101000100001 (base 2) to base 13.
-8ca03
What is -22202002210002 (base 3) in base 6?
-243334515
11203426 (base 7) to base 6
32530431
4615232 (base 7) to base 15
b5885
6cd37 (base 16) to base 14
b8635
Convert -2891a (base 15) to base 12.
-634a4
-358820 (base 13) to base 15
-1a2e78
What is -2124505 (base 7) in base 3?
-111010122011
Convert -374a10a (base 11) to base 14.
-c17ccd
120103101 (base 4) to base 2
11000010011010001
What is 6490 (base 16) in base 10?
25744
What is 1731ab (base 12) in base 9?
667835
What is 176062 (base 10) in base 11?
110307
Convert -2305241 (base 8) to base 11.
-397897
-53112562 (base 7) to base 13
-c13108
What is -4bb552 (base 12) in base 13?
-346b3b
Convert -134121011 (base 6) to base 4.
-22113033133
Convert -987ba7 (base 16) to base 15.
-d25dd7
146730 (base 11) to base 3
102121102021
Convert 211424103 (base 5) to base 3.
1200011212020
What is -a01570 (base 11) in base 8?
-6115353
What is -162a7 (base 14) in base 9?
-84016
Convert -111331331 (base 4) to base 16.
-15f7d
-4432414 (base 6) to base 2
-110110001111111010
32b99a8 (base 12) to base 11
55262a8
Convert 54567 (base 11) to base 6.
1410411
Convert -10c5132 (base 14) to base 5.
-4022120423
Convert 3523012 (base 10) to base 2.
1101011100000111000100
Convert 61342264 (base 8) to base 9.
26344063
-3c898 (base 15) to base 11
-122aa3
Convert 1443406 (base 7) to base 11.
124050
What is -444169 (base 13) in base 4?
-12020230030
What is -2011202221101 (base 3) in base 15?
-17cba4
Convert -1010111010001111101 (base 2) to base 9.
-604353
What is -3773170 (base 8) in base 10?
-1046136
-a4786 (base 12) to base 3
-101221110010
What is -13d2ba (base 16) in base 9?
-2400057
What is 12735040 (base 8) in base 5?
1213200241
Convert 62382 (base 9) to base 11.
28a01
What is -100010101101011000110 (base 2) in base 3?
-2010210011002
47188 (base 11) to base 4
100220002
What is 383cb3 (base 14) in base 6?
105222153
11101000110110100 (base 2) to base 10
119220
-2053187 (base 10) to base 5
-1011200222
What is -46535363 (base 7) in base 13?
-b04125
Convert -10100000111012 (base 3) to base 11.
-1000221
-65475 (base 8) to base 7
-143016
What is 75424 (base 11) in base 2?
11010110001010100
What is 45230153 (base 6) in base 13?
390966
Convert -8a5877 (base 12) to base 11.
-1278911
Convert -d172da (base 14) to base 16.
-6b92c0
What is -3030211111 (base 4) in base 10?
-837973
Convert 15233366 (base 7) to base 14.
29bb6d
What is 555a7 (base 16) in base 9?
582512
What is 211065 (base 7) in base 16?
8e35
Convert -23b14 (base 13) to base 6.
-1223353
-1009608 (base 10) to base 5
-224301413
-166174 (base 15) to base 16
-10893d
What is -7093 (base 16) in base 9?
-43471
What is -101000010010011100 (base 2) in base 10?
-165020
What is -100410143 (base 5) in base 10?
-403798
Convert 1070530 (base 8) to base 3.
112210101201
Convert 9100010 (base 10) to base 11.
5155a77
-2cae4 (base 16) to base 9
-308036
2cd63 (base 15) to base 10
144768
What is 55175 (base 11) in base 7?
452264
Convert 3621134 (base 7) to base 10.
459008
-7852c (base 16) to base 14
-cb872
-103103203132 (base 4) to base 10
-5060830
721148 (base 9) to base 13
11c669
Convert -134234 (base 6) to base 15.
-3b17
Convert 24882 (base 12) to base 14.
14134
-136c21 (base 16) to base 3
-2101200001011
13c44c (base 13) to base 9
817026
-663d (base 15) to base 14
-7c70
15014472 (base 8) to base 14
64c40a
Convert -230546 (base 8) to base 10.
-78182
2022303121 (base 4) to base 7
4555354
What is 220021413 (base 5) in base 4?
3211033213
What is 12eae47 (base 15) in base 13?
2aa1449
Convert 3311bb (base 12) to base 2.
11000101111011011111
Convert -10110001010011010 (base 2) to base 10.
-90778
1004741 (base 11) to base 15
251b37
What is 1b330 (base 14) in base 3?
10111222002
-32116442 (base 7) to base 3
-12010120022112
What is 2421545 (base 12) in base 4?
122233233011
What is 1189d4 (base 14) in base 16?
9284e
What is 1399ad (base 14) in base 9?
1245315
What is 133020034 (base 5) in base 12?
285674
4134333 (base 5) to base 15
15298
114123 (base 12) to base 5
32323101
8dcf5 (base 16) to base 5
122041403
What is -2211220102 (base 3) in base 15?
-11928
What is -1497126 (base 11) in base 8?
-11602110
3014221 (base 5) to base 13
18b50
Convert -13034400 (base 5) to base 11.
-87857
What is -1f3c8 (base 16) in base 4?
-133033020
What is 354b02 (base 13) in base 7?
13525564
What is 6104605 (base 8) in base 6?
54244433
-1564223 (base 8) to base 13
-12b104
What is -168384 (base 9) in base 7?
-613600
What is -495946 (base 10) in base 11?
-309680
Convert 138418 (base 9) to base 2.
10100101110101001
Convert 111201221112 (base 3) to base 15.
551ce
Convert -212011120102 (base 3) to base 5.
-104043131
-c3b8d (base 15) to base 11
-393a99
What is -136049 (base 14) in base 2?
-10100011011110100001
Convert 32b67 (base 12) to base 5.
4123302
Convert -10100010011100100 (base 2) to base 3.
-11020002110
Convert -3566432 (base 7) to base 6.
-13420145
25173453 (base 8) to base 11
3163600
Convert -241321 (base 11) to base 16.
-5d5af
What is -2b0974 (base 13) in base 11?
-663198
-b87b1 (base 14) to base 6
-13321023
-6024402 (base 8) to base 11
-991670
Convert -22012 (base 3) to base 5.
-1341
-544424 (base 11) to base 13
-245ab5
What is -102010211 (base 3) in base 2?
-1111110111010
-251648 (base 12) to base 16
-93758
2020202201 (base 3) to base 11
30312
What is -200030003 (base 4) in base 6?
-2454215
341505 (base 6) to base 11
1a7a5
5debb3 (base 16) to base 4
113132232303
103222220 (base 4) to base 12
3a748
Convert 2194bc (base 13) to base 7.
6505212
Convert 721343 (base 8) to base 5.
30111212
Convert 222331223 (base 4) to base 5.
21112404
Convert -20111110210 (base 3) to base 8.
-371660
-1122121121000 (base 3) to base 15
-1252d3
134212212 (base 5) to base 8
2514632
What is 31201322101 (base 4) in base 9?
6605224
What is 112012121122 (base 3) in base 12?
115a08
-2657153 (base 8) to base 3
-1101212001002
What is -2130010022 (base 4) in base 10?
-639242
1334605 (base 7) to base 14
486ac
Convert 101303302 (base 4) to base 13.
27283
1183779 (base 11) to base 4
13311220022
356dd (base 15) to base 3
22122121201
2526670 (base 8) to base 11
438881
What is 13240302321 (base 5) in base 14?
2316541
What is -924a7 (base 11) in base 5?
-13310112
-87141 (base 16) to base 13
-164ab1
What is 98119 (base 11) in base 12?
6a5ba
Convert -592451 (base 12) to base 15.
-1d5237
-100011111110011101101011 (base 2) to base 11
-5361628
What is -39919 (base 10) in base 4?
-21233233
What is 22300031 (base 4) in base 2?
1010110000001101
11026207 (base 10) to base 7
162502243
-222330232 (base 4) to base 3
-22221022111
What is 1300036 (base 8) in base 14?
95526
1201001201 (base 3) to base 12
17524
Convert 1bf65 (base 16) to base 4.
123331211
14535366 (base 8) to base 11
1970960
What is 594d1 (base 15) in base 6?
10033324
-10292b6 (base 13) to base 4
-102231103333
-1000010110111000001 (base 2) to base 5
-32230412
What is -2